{"id":2332,"date":"2025-03-23T12:00:44","date_gmt":"2025-03-23T17:00:44","guid":{"rendered":"https:\/\/marttinoeventplanner.com\/pagina\/?page_id=2332"},"modified":"2025-03-23T12:21:08","modified_gmt":"2025-03-23T17:21:08","slug":"mision-y-vision","status":"publish","type":"page","link":"https:\/\/marttinoeventplanner.com\/pagina\/index.php\/mision-y-vision\/","title":{"rendered":"Misi\u00f3n y visi\u00f3n"},"content":{"rendered":"\t\t<div data-elementor-type=\"wp-page\" data-elementor-id=\"2332\" class=\"elementor elementor-2332\" data-elementor-post-type=\"page\">\n\t\t\t\t\t\t<section class=\"elementor-section elementor-top-section elementor-element elementor-element-b7c44bf elementor-section-boxed elementor-section-height-default elementor-section-height-default\" data-id=\"b7c44bf\" data-element_type=\"section\" data-e-type=\"section\">\n\t\t\t\t\t\t<div class=\"elementor-container elementor-column-gap-default\">\n\t\t\t\t\t<div class=\"elementor-column elementor-col-100 elementor-top-column elementor-element elementor-element-fa87ab8\" data-id=\"fa87ab8\" data-element_type=\"column\" data-e-type=\"column\">\n\t\t\t<div class=\"elementor-widget-wrap elementor-element-populated\">\n\t\t\t\t\t\t<div class=\"elementor-element elementor-element-109d937 elementor-widget elementor-widget-heading\" data-id=\"109d937\" data-element_type=\"widget\" data-e-type=\"widget\" data-widget_type=\"heading.default\">\n\t\t\t\t<div class=\"elementor-widget-container\">\n\t\t\t\t\t<h2 class=\"elementor-heading-title elementor-size-default\">Misi\u00f3n<\/h2>\t\t\t\t<\/div>\n\t\t\t\t<\/div>\n\t\t\t\t<div class=\"elementor-element elementor-element-9b4b1cf elementor-widget elementor-widget-heading\" data-id=\"9b4b1cf\" data-element_type=\"widget\" data-e-type=\"widget\" data-widget_type=\"heading.default\">\n\t\t\t\t<div class=\"elementor-widget-container\">\n\t\t\t\t\t<p class=\"elementor-heading-title elementor-size-default\"><p>Entregar el mejor evento de su vida, dirigido por un Event planner quien se encarga de los detalles importante de es gran d\u00eda. \n<br> Marttino event planner le ofrece m\u00faltiples servicios para cada tipo de evento con el fin de satisfacer todas las necesidades que implican en \u00e9l. Nos destacamos tambi\u00e9n por las tem\u00e1ticas conceptuales con las cuales hacemos la diferencia.<\/p>\t\t\t\t<\/div>\n\t\t\t\t<\/div>\n\t\t\t\t\t<\/div>\n\t\t<\/div>\n\t\t\t\t\t<\/div>\n\t\t<\/section>\n\t\t\t\t<section class=\"elementor-section elementor-top-section elementor-element elementor-element-aba2e6a elementor-section-boxed elementor-section-height-default elementor-section-height-default\" data-id=\"aba2e6a\" data-element_type=\"section\" data-e-type=\"section\">\n\t\t\t\t\t\t<div class=\"elementor-container elementor-column-gap-default\">\n\t\t\t\t\t<div class=\"elementor-column elementor-col-100 elementor-top-column elementor-element elementor-element-360a95f\" data-id=\"360a95f\" data-element_type=\"column\" data-e-type=\"column\">\n\t\t\t<div class=\"elementor-widget-wrap elementor-element-populated\">\n\t\t\t\t\t\t<div class=\"elementor-element elementor-element-c7e85eb elementor-widget elementor-widget-heading\" data-id=\"c7e85eb\" data-element_type=\"widget\" data-e-type=\"widget\" data-widget_type=\"heading.default\">\n\t\t\t\t<div class=\"elementor-widget-container\">\n\t\t\t\t\t<h2 class=\"elementor-heading-title elementor-size-default\">Visi\u00f3n<\/h2>\t\t\t\t<\/div>\n\t\t\t\t<\/div>\n\t\t\t\t<div class=\"elementor-element elementor-element-f28bec0 elementor-widget elementor-widget-heading\" data-id=\"f28bec0\" data-element_type=\"widget\" data-e-type=\"widget\" data-widget_type=\"heading.default\">\n\t\t\t\t<div class=\"elementor-widget-container\">\n\t\t\t\t\t<p class=\"elementor-heading-title elementor-size-default\"><p>Seguir creciendo como una de las mejores empresas en organizaci\u00f3n de eventos sociales en Colombia as\u00ed como tambien ser reconocidos a nivel profesional como una marca de alto impacto.<\/p>\n<\/p>\t\t\t\t<\/div>\n\t\t\t\t<\/div>\n\t\t\t\t\t<\/div>\n\t\t<\/div>\n\t\t\t\t\t<\/div>\n\t\t<\/section>\n\t\t\t\t<section class=\"elementor-section elementor-top-section elementor-element elementor-element-5be9bce9 elementor-section-boxed elementor-section-height-default elementor-section-height-default\" data-id=\"5be9bce9\" data-element_type=\"section\" data-e-type=\"section\" data-settings=\"{&quot;background_background&quot;:&quot;classic&quot;}\">\n\t\t\t\t\t\t<div class=\"elementor-container elementor-column-gap-default\">\n\t\t\t\t\t<div class=\"elementor-column elementor-col-100 elementor-top-column elementor-element elementor-element-22cb4096\" data-id=\"22cb4096\" data-element_type=\"column\" data-e-type=\"column\">\n\t\t\t<div class=\"elementor-widget-wrap elementor-element-populated\">\n\t\t\t\t\t\t<div class=\"elementor-element elementor-element-21e07785 elementor-widget elementor-widget-heading\" data-id=\"21e07785\" data-element_type=\"widget\" data-e-type=\"widget\" data-widget_type=\"heading.default\">\n\t\t\t\t<div class=\"elementor-widget-container\">\n\t\t\t\t\t<h2 class=\"elementor-heading-title elementor-size-default\">Ubicaci\u00f3n y Aliados<\/h2>\t\t\t\t<\/div>\n\t\t\t\t<\/div>\n\t\t\t\t\t<\/div>\n\t\t<\/div>\n\t\t\t\t\t<\/div>\n\t\t<\/section>\n\t\t\t\t<section class=\"elementor-section elementor-top-section elementor-element elementor-element-3a1af026 elementor-section-boxed elementor-section-height-default elementor-section-height-default\" data-id=\"3a1af026\" data-element_type=\"section\" data-e-type=\"section\" data-settings=\"{&quot;background_background&quot;:&quot;classic&quot;}\">\n\t\t\t\t\t\t<div class=\"elementor-container elementor-column-gap-default\">\n\t\t\t\t\t<div class=\"elementor-column elementor-col-100 elementor-top-column elementor-element elementor-element-4ef6bf7f\" data-id=\"4ef6bf7f\" data-element_type=\"column\" data-e-type=\"column\">\n\t\t\t<div class=\"elementor-widget-wrap\">\n\t\t\t\t\t\t\t<\/div>\n\t\t<\/div>\n\t\t\t\t\t<\/div>\n\t\t<\/section>\n\t\t\t\t<section class=\"elementor-section elementor-top-section elementor-element elementor-element-22d2d60c elementor-section-boxed elementor-section-height-default elementor-section-height-default\" data-id=\"22d2d60c\" data-element_type=\"section\" data-e-type=\"section\">\n\t\t\t\t\t\t<div class=\"elementor-container elementor-column-gap-default\">\n\t\t\t\t\t<div class=\"elementor-column elementor-col-50 elementor-top-column elementor-element elementor-element-2bbb89f0\" data-id=\"2bbb89f0\" data-element_type=\"column\" data-e-type=\"column\">\n\t\t\t<div class=\"elementor-widget-wrap elementor-element-populated\">\n\t\t\t\t\t\t<div class=\"elementor-element elementor-element-4c858d5b elementor-widget elementor-widget-google_maps\" data-id=\"4c858d5b\" data-element_type=\"widget\" data-e-type=\"widget\" data-widget_type=\"google_maps.default\">\n\t\t\t\t<div class=\"elementor-widget-container\">\n\t\t\t\t\t\t\t<div class=\"elementor-custom-embed\">\n\t\t\t<iframe loading=\"lazy\"\n\t\t\t\t\tsrc=\"https:\/\/maps.google.com\/maps?q=Marttino%20Event%20Planner&#038;t=m&#038;z=10&#038;output=embed&#038;iwloc=near\"\n\t\t\t\t\ttitle=\"Marttino Event Planner\"\n\t\t\t\t\taria-label=\"Marttino Event Planner\"\n\t\t\t><\/iframe>\n\t\t<\/div>\n\t\t\t\t\t\t<\/div>\n\t\t\t\t<\/div>\n\t\t\t\t\t<\/div>\n\t\t<\/div>\n\t\t\t\t<div class=\"elementor-column elementor-col-50 elementor-top-column elementor-element elementor-element-7ad69fb6\" data-id=\"7ad69fb6\" data-element_type=\"column\" data-e-type=\"column\">\n\t\t\t<div class=\"elementor-widget-wrap elementor-element-populated\">\n\t\t\t\t\t\t<div class=\"elementor-element elementor-element-77a056ea elementor-widget elementor-widget-heading\" data-id=\"77a056ea\" data-element_type=\"widget\" data-e-type=\"widget\" data-widget_type=\"heading.default\">\n\t\t\t\t<div class=\"elementor-widget-container\">\n\t\t\t\t\t<h4 class=\"elementor-heading-title elementor-size-default\">Empresa aliada<\/h4>\t\t\t\t<\/div>\n\t\t\t\t<\/div>\n\t\t\t\t<div class=\"elementor-element elementor-element-2868f62c elementor-widget elementor-widget-image\" data-id=\"2868f62c\" data-element_type=\"widget\" data-e-type=\"widget\" data-widget_type=\"image.default\">\n\t\t\t\t<div class=\"elementor-widget-container\">\n\t\t\t\t\t\t\t\t\t\t\t\t\t\t\t<img decoding=\"async\" width=\"150\" height=\"150\" src=\"https:\/\/marttinoeventplanner.com\/pagina\/wp-content\/uploads\/2023\/01\/unnamed-150x150.png\" class=\"attachment-thumbnail size-thumbnail wp-image-47\" alt=\"\" srcset=\"https:\/\/marttinoeventplanner.com\/pagina\/wp-content\/uploads\/2023\/01\/unnamed-150x150.png 150w, https:\/\/marttinoeventplanner.com\/pagina\/wp-content\/uploads\/2023\/01\/unnamed-100x100.png 100w\" sizes=\"(max-width: 150px) 100vw, 150px\" \/>\t\t\t\t\t\t\t\t\t\t\t\t\t\t\t<\/div>\n\t\t\t\t<\/div>\n\t\t\t\t<div class=\"elementor-element elementor-element-5545232d elementor-widget elementor-widget-heading\" data-id=\"5545232d\" data-element_type=\"widget\" data-e-type=\"widget\" data-widget_type=\"heading.default\">\n\t\t\t\t<div class=\"elementor-widget-container\">\n\t\t\t\t\t<h6 class=\"elementor-heading-title elementor-size-default\">M\u00e1s de nosotros... <\/h6>\t\t\t\t<\/div>\n\t\t\t\t<\/div>\n\t\t\t\t<div class=\"elementor-element elementor-element-6f066ec3 elementor-widget elementor-widget-heading\" data-id=\"6f066ec3\" data-element_type=\"widget\" data-e-type=\"widget\" data-widget_type=\"heading.default\">\n\t\t\t\t<div class=\"elementor-widget-container\">\n\t\t\t\t\t<h6 class=\"elementor-heading-title elementor-size-default\"><p style=\"margin-bottom:0cm;margin-bottom:.0001pt\"><span><span lang=\"ES\" style=\",sans-serif\"><a href=\"https:\/\/acortar.link\/IBmhVL\">https:\/\/acortar.link\/IBmhVL<\/a><\/span><\/span><span lang=\"ES\" style=\",sans-serif;color:#595959\"><\/span><\/p><p style=\"margin-bottom:0cm;margin-bottom:.0001pt\"><span><span lang=\"ES\" style=\",sans-serif\"><a href=\"https:\/\/acortar.link\/DbCSoC\">https:\/\/acortar.link\/DbCSoC<\/a><\/span><\/span><\/p><\/h6>\t\t\t\t<\/div>\n\t\t\t\t<\/div>\n\t\t\t\t\t<\/div>\n\t\t<\/div>\n\t\t\t\t\t<\/div>\n\t\t<\/section>\n\t\t\t\t<section class=\"elementor-section elementor-top-section elementor-element elementor-element-73595f16 elementor-section-boxed elementor-section-height-default elementor-section-height-default\" data-id=\"73595f16\" data-element_type=\"section\" data-e-type=\"section\">\n\t\t\t\t\t\t<div class=\"elementor-container elementor-column-gap-default\">\n\t\t\t\t\t<div class=\"elementor-column elementor-col-100 elementor-top-column elementor-element elementor-element-6ab60653\" data-id=\"6ab60653\" data-element_type=\"column\" data-e-type=\"column\">\n\t\t\t<div class=\"elementor-widget-wrap elementor-element-populated\">\n\t\t\t\t\t\t<div class=\"elementor-element elementor-element-4427ddd1 elementor-widget elementor-widget-html\" data-id=\"4427ddd1\" data-element_type=\"widget\" data-e-type=\"widget\" data-widget_type=\"html.default\">\n\t\t\t\t<div class=\"elementor-widget-container\">\n\t\t\t\t\t&nbsp;\t\t\t\t<\/div>\n\t\t\t\t<\/div>\n\t\t\t\t\t<\/div>\n\t\t<\/div>\n\t\t\t\t\t<\/div>\n\t\t<\/section>\n\t\t\t\t<section class=\"elementor-section elementor-top-section elementor-element elementor-element-2849a2f elementor-section-boxed elementor-section-height-default elementor-section-height-default\" data-id=\"2849a2f\" data-element_type=\"section\" data-e-type=\"section\" data-settings=\"{&quot;background_background&quot;:&quot;classic&quot;}\">\n\t\t\t\t\t\t<div class=\"elementor-container elementor-column-gap-default\">\n\t\t\t\t\t<div class=\"elementor-column elementor-col-33 elementor-top-column elementor-element elementor-element-6021a8c8\" data-id=\"6021a8c8\" data-element_type=\"column\" data-e-type=\"column\">\n\t\t\t<div class=\"elementor-widget-wrap elementor-element-populated\">\n\t\t\t\t\t\t<div class=\"elementor-element elementor-element-1279626c elementor-widget elementor-widget-heading\" data-id=\"1279626c\" data-element_type=\"widget\" data-e-type=\"widget\" data-widget_type=\"heading.default\">\n\t\t\t\t<div class=\"elementor-widget-container\">\n\t\t\t\t\t<h6 class=\"elementor-heading-title elementor-size-default\">Direcci\u00f3n <br>Calle 53 # 74a-56<\/h6>\t\t\t\t<\/div>\n\t\t\t\t<\/div>\n\t\t\t\t\t<\/div>\n\t\t<\/div>\n\t\t\t\t<div class=\"elementor-column elementor-col-33 elementor-top-column elementor-element elementor-element-2a58faef\" data-id=\"2a58faef\" data-element_type=\"column\" data-e-type=\"column\">\n\t\t\t<div class=\"elementor-widget-wrap elementor-element-populated\">\n\t\t\t\t\t\t<div class=\"elementor-element elementor-element-63af2b1f elementor-widget elementor-widget-heading\" data-id=\"63af2b1f\" data-element_type=\"widget\" data-e-type=\"widget\" data-widget_type=\"heading.default\">\n\t\t\t\t<div class=\"elementor-widget-container\">\n\t\t\t\t\t<h6 class=\"elementor-heading-title elementor-size-default\">Celular<br>3214503879<\/h6>\t\t\t\t<\/div>\n\t\t\t\t<\/div>\n\t\t\t\t\t<\/div>\n\t\t<\/div>\n\t\t\t\t<div class=\"elementor-column elementor-col-33 elementor-top-column elementor-element elementor-element-25470926\" data-id=\"25470926\" data-element_type=\"column\" data-e-type=\"column\">\n\t\t\t<div class=\"elementor-widget-wrap elementor-element-populated\">\n\t\t\t\t\t\t<div class=\"elementor-element elementor-element-64bf030f elementor-widget elementor-widget-heading\" data-id=\"64bf030f\" data-element_type=\"widget\" data-e-type=\"widget\" data-widget_type=\"heading.default\">\n\t\t\t\t<div class=\"elementor-widget-container\">\n\t\t\t\t\t<h6 class=\"elementor-heading-title elementor-size-default\">Redes<br><\/h6>\t\t\t\t<\/div>\n\t\t\t\t<\/div>\n\t\t\t\t<div class=\"elementor-element elementor-element-49fbc57d elementor-widget elementor-widget-image\" data-id=\"49fbc57d\" data-element_type=\"widget\" data-e-type=\"widget\" data-widget_type=\"image.default\">\n\t\t\t\t<div class=\"elementor-widget-container\">\n\t\t\t\t\t\t\t\t\t\t\t\t\t\t\t\t<a href=\"https:\/\/www.instagram.com\/marttino_event_planner\/?hl=es-la\">\n\t\t\t\t\t\t\t<img decoding=\"async\" src=\"https:\/\/marttinoeventplanner.com\/pagina\/wp-content\/uploads\/elementor\/thumbs\/ins-q0ip1b1cyz7gmfet0yfolu6l4udfik1ngoqxw464xg.png\" title=\"ins.png\" alt=\"ins.png\" loading=\"lazy\" \/>\t\t\t\t\t\t\t\t<\/a>\n\t\t\t\t\t\t\t\t\t\t\t\t\t\t\t<\/div>\n\t\t\t\t<\/div>\n\t\t\t\t\t<\/div>\n\t\t<\/div>\n\t\t\t\t\t<\/div>\n\t\t<\/section>\n\t\t\t\t<\/div>\n\t\t","protected":false},"excerpt":{"rendered":"<p>Misi\u00f3n Entregar el mejor evento de su vida, dirigido por un Event planner quien se encarga de los detalles importante de es gran d\u00eda. Marttino event planner le ofrece m\u00faltiples servicios para cada tipo de evento con el fin de satisfacer todas las necesidades que implican en \u00e9l. Nos destacamos tambi\u00e9n por las tem\u00e1ticas conceptuales [&hellip;]<\/p>\n","protected":false},"author":1,"featured_media":0,"parent":0,"menu_order":0,"comment_status":"closed","ping_status":"closed","template":"","meta":{"footnotes":""},"class_list":["post-2332","page","type-page","status-publish","hentry"],"yoast_head":"<!-- This site is optimized with the Yoast SEO plugin v27.4 - https:\/\/yoast.com\/product\/yoast-seo-wordpress\/ -->\n<title>Misi\u00f3n y visi\u00f3n -<\/title>\n<meta name=\"robots\" content=\"index, follow, max-snippet:-1, max-image-preview:large, max-video-preview:-1\" \/>\n<link rel=\"canonical\" href=\"https:\/\/marttinoeventplanner.com\/pagina\/index.php\/mision-y-vision\/\" \/>\n<meta property=\"og:locale\" content=\"es_ES\" \/>\n<meta property=\"og:type\" content=\"article\" \/>\n<meta property=\"og:title\" content=\"Misi\u00f3n y visi\u00f3n -\" \/>\n<meta property=\"og:description\" content=\"Misi\u00f3n Entregar el mejor evento de su vida, dirigido por un Event planner quien se encarga de los detalles importante de es gran d\u00eda. Marttino event planner le ofrece m\u00faltiples servicios para cada tipo de evento con el fin de satisfacer todas las necesidades que implican en \u00e9l. Nos destacamos tambi\u00e9n por las tem\u00e1ticas conceptuales [&hellip;]\" \/>\n<meta property=\"og:url\" content=\"https:\/\/marttinoeventplanner.com\/pagina\/index.php\/mision-y-vision\/\" \/>\n<meta property=\"article:modified_time\" content=\"2025-03-23T17:21:08+00:00\" \/>\n<meta property=\"og:image\" content=\"https:\/\/marttinoeventplanner.com\/pagina\/wp-content\/uploads\/2023\/01\/unnamed-150x150.png\" \/>\n<meta name=\"twitter:card\" content=\"summary_large_image\" \/>\n<meta name=\"twitter:label1\" content=\"Tiempo de lectura\" \/>\n\t<meta name=\"twitter:data1\" content=\"1 minuto\" \/>\n<script type=\"application\/ld+json\" class=\"yoast-schema-graph\">{\"@context\":\"https:\\\/\\\/schema.org\",\"@graph\":[{\"@type\":\"WebPage\",\"@id\":\"https:\\\/\\\/marttinoeventplanner.com\\\/pagina\\\/index.php\\\/mision-y-vision\\\/\",\"url\":\"https:\\\/\\\/marttinoeventplanner.com\\\/pagina\\\/index.php\\\/mision-y-vision\\\/\",\"name\":\"Misi\u00f3n y visi\u00f3n -\",\"isPartOf\":{\"@id\":\"https:\\\/\\\/marttinoeventplanner.com\\\/pagina\\\/#website\"},\"primaryImageOfPage\":{\"@id\":\"https:\\\/\\\/marttinoeventplanner.com\\\/pagina\\\/index.php\\\/mision-y-vision\\\/#primaryimage\"},\"image\":{\"@id\":\"https:\\\/\\\/marttinoeventplanner.com\\\/pagina\\\/index.php\\\/mision-y-vision\\\/#primaryimage\"},\"thumbnailUrl\":\"https:\\\/\\\/marttinoeventplanner.com\\\/pagina\\\/wp-content\\\/uploads\\\/2023\\\/01\\\/unnamed-150x150.png\",\"datePublished\":\"2025-03-23T17:00:44+00:00\",\"dateModified\":\"2025-03-23T17:21:08+00:00\",\"breadcrumb\":{\"@id\":\"https:\\\/\\\/marttinoeventplanner.com\\\/pagina\\\/index.php\\\/mision-y-vision\\\/#breadcrumb\"},\"inLanguage\":\"es-CO\",\"potentialAction\":[{\"@type\":\"ReadAction\",\"target\":[\"https:\\\/\\\/marttinoeventplanner.com\\\/pagina\\\/index.php\\\/mision-y-vision\\\/\"]}]},{\"@type\":\"ImageObject\",\"inLanguage\":\"es-CO\",\"@id\":\"https:\\\/\\\/marttinoeventplanner.com\\\/pagina\\\/index.php\\\/mision-y-vision\\\/#primaryimage\",\"url\":\"https:\\\/\\\/marttinoeventplanner.com\\\/pagina\\\/wp-content\\\/uploads\\\/2023\\\/01\\\/unnamed.png\",\"contentUrl\":\"https:\\\/\\\/marttinoeventplanner.com\\\/pagina\\\/wp-content\\\/uploads\\\/2023\\\/01\\\/unnamed.png\",\"width\":245,\"height\":251},{\"@type\":\"BreadcrumbList\",\"@id\":\"https:\\\/\\\/marttinoeventplanner.com\\\/pagina\\\/index.php\\\/mision-y-vision\\\/#breadcrumb\",\"itemListElement\":[{\"@type\":\"ListItem\",\"position\":1,\"name\":\"Inicio\",\"item\":\"https:\\\/\\\/marttinoeventplanner.com\\\/pagina\\\/\"},{\"@type\":\"ListItem\",\"position\":2,\"name\":\"Misi\u00f3n y visi\u00f3n\"}]},{\"@type\":\"WebSite\",\"@id\":\"https:\\\/\\\/marttinoeventplanner.com\\\/pagina\\\/#website\",\"url\":\"https:\\\/\\\/marttinoeventplanner.com\\\/pagina\\\/\",\"name\":\"\",\"description\":\"\",\"potentialAction\":[{\"@type\":\"SearchAction\",\"target\":{\"@type\":\"EntryPoint\",\"urlTemplate\":\"https:\\\/\\\/marttinoeventplanner.com\\\/pagina\\\/?s={search_term_string}\"},\"query-input\":{\"@type\":\"PropertyValueSpecification\",\"valueRequired\":true,\"valueName\":\"search_term_string\"}}],\"inLanguage\":\"es-CO\"}]}<\/script>\n<!-- \/ Yoast SEO plugin. -->","yoast_head_json":{"title":"Misi\u00f3n y visi\u00f3n -","robots":{"index":"index","follow":"follow","max-snippet":"max-snippet:-1","max-image-preview":"max-image-preview:large","max-video-preview":"max-video-preview:-1"},"canonical":"https:\/\/marttinoeventplanner.com\/pagina\/index.php\/mision-y-vision\/","og_locale":"es_ES","og_type":"article","og_title":"Misi\u00f3n y visi\u00f3n -","og_description":"Misi\u00f3n Entregar el mejor evento de su vida, dirigido por un Event planner quien se encarga de los detalles importante de es gran d\u00eda. Marttino event planner le ofrece m\u00faltiples servicios para cada tipo de evento con el fin de satisfacer todas las necesidades que implican en \u00e9l. Nos destacamos tambi\u00e9n por las tem\u00e1ticas conceptuales [&hellip;]","og_url":"https:\/\/marttinoeventplanner.com\/pagina\/index.php\/mision-y-vision\/","article_modified_time":"2025-03-23T17:21:08+00:00","og_image":[{"url":"https:\/\/marttinoeventplanner.com\/pagina\/wp-content\/uploads\/2023\/01\/unnamed-150x150.png","type":"","width":"","height":""}],"twitter_card":"summary_large_image","twitter_misc":{"Tiempo de lectura":"1 minuto"},"schema":{"@context":"https:\/\/schema.org","@graph":[{"@type":"WebPage","@id":"https:\/\/marttinoeventplanner.com\/pagina\/index.php\/mision-y-vision\/","url":"https:\/\/marttinoeventplanner.com\/pagina\/index.php\/mision-y-vision\/","name":"Misi\u00f3n y visi\u00f3n -","isPartOf":{"@id":"https:\/\/marttinoeventplanner.com\/pagina\/#website"},"primaryImageOfPage":{"@id":"https:\/\/marttinoeventplanner.com\/pagina\/index.php\/mision-y-vision\/#primaryimage"},"image":{"@id":"https:\/\/marttinoeventplanner.com\/pagina\/index.php\/mision-y-vision\/#primaryimage"},"thumbnailUrl":"https:\/\/marttinoeventplanner.com\/pagina\/wp-content\/uploads\/2023\/01\/unnamed-150x150.png","datePublished":"2025-03-23T17:00:44+00:00","dateModified":"2025-03-23T17:21:08+00:00","breadcrumb":{"@id":"https:\/\/marttinoeventplanner.com\/pagina\/index.php\/mision-y-vision\/#breadcrumb"},"inLanguage":"es-CO","potentialAction":[{"@type":"ReadAction","target":["https:\/\/marttinoeventplanner.com\/pagina\/index.php\/mision-y-vision\/"]}]},{"@type":"ImageObject","inLanguage":"es-CO","@id":"https:\/\/marttinoeventplanner.com\/pagina\/index.php\/mision-y-vision\/#primaryimage","url":"https:\/\/marttinoeventplanner.com\/pagina\/wp-content\/uploads\/2023\/01\/unnamed.png","contentUrl":"https:\/\/marttinoeventplanner.com\/pagina\/wp-content\/uploads\/2023\/01\/unnamed.png","width":245,"height":251},{"@type":"BreadcrumbList","@id":"https:\/\/marttinoeventplanner.com\/pagina\/index.php\/mision-y-vision\/#breadcrumb","itemListElement":[{"@type":"ListItem","position":1,"name":"Inicio","item":"https:\/\/marttinoeventplanner.com\/pagina\/"},{"@type":"ListItem","position":2,"name":"Misi\u00f3n y visi\u00f3n"}]},{"@type":"WebSite","@id":"https:\/\/marttinoeventplanner.com\/pagina\/#website","url":"https:\/\/marttinoeventplanner.com\/pagina\/","name":"","description":"","potentialAction":[{"@type":"SearchAction","target":{"@type":"EntryPoint","urlTemplate":"https:\/\/marttinoeventplanner.com\/pagina\/?s={search_term_string}"},"query-input":{"@type":"PropertyValueSpecification","valueRequired":true,"valueName":"search_term_string"}}],"inLanguage":"es-CO"}]}},"_links":{"self":[{"href":"https:\/\/marttinoeventplanner.com\/pagina\/index.php\/wp-json\/wp\/v2\/pages\/2332","targetHints":{"allow":["GET"]}}],"collection":[{"href":"https:\/\/marttinoeventplanner.com\/pagina\/index.php\/wp-json\/wp\/v2\/pages"}],"about":[{"href":"https:\/\/marttinoeventplanner.com\/pagina\/index.php\/wp-json\/wp\/v2\/types\/page"}],"author":[{"embeddable":true,"href":"https:\/\/marttinoeventplanner.com\/pagina\/index.php\/wp-json\/wp\/v2\/users\/1"}],"replies":[{"embeddable":true,"href":"https:\/\/marttinoeventplanner.com\/pagina\/index.php\/wp-json\/wp\/v2\/comments?post=2332"}],"version-history":[{"count":4,"href":"https:\/\/marttinoeventplanner.com\/pagina\/index.php\/wp-json\/wp\/v2\/pages\/2332\/revisions"}],"predecessor-version":[{"id":2339,"href":"https:\/\/marttinoeventplanner.com\/pagina\/index.php\/wp-json\/wp\/v2\/pages\/2332\/revisions\/2339"}],"wp:attachment":[{"href":"https:\/\/marttinoeventplanner.com\/pagina\/index.php\/wp-json\/wp\/v2\/media?parent=2332"}],"curies":[{"name":"wp","href":"https:\/\/api.w.org\/{rel}","templated":true}]}}